{"id":978,"date":"2019-01-21T09:11:01","date_gmt":"2019-01-21T07:11:01","guid":{"rendered":"https:\/\/www.edufix.fi\/www\/?page_id=978"},"modified":"2025-02-19T09:11:28","modified_gmt":"2025-02-19T07:11:28","slug":"optodyne-lasermittaus","status":"publish","type":"page","link":"https:\/\/www.edufix.fi\/www\/fi\/optodyne-lasermittaus\/","title":{"rendered":"Optodyne lasermittaus"},"content":{"rendered":"\t\t<div data-elementor-type=\"wp-post\" data-elementor-id=\"978\" class=\"elementor elementor-978\" data-elementor-settings=\"{&quot;ha_cmc_init_switcher&quot;:&quot;no&quot;}\">\n\t\t\t\t\t\t<section class=\"elementor-section elementor-top-section elementor-element elementor-element-739a344 elementor-section-stretched elementor-section-boxed elementor-section-height-default elementor-section-height-default\" data-id=\"739a344\" data-element_type=\"section\" data-e-type=\"section\" data-settings=\"{&quot;background_background&quot;:&quot;classic&quot;,&quot;stretch_section&quot;:&quot;section-stretched&quot;,&quot;_ha_eqh_enable&quot;:false}\">\n\t\t\t\t\t\t<div class=\"elementor-container elementor-column-gap-default\">\n\t\t\t\t\t<div class=\"elementor-column elementor-col-100 elementor-top-column elementor-element elementor-element-3059caf\" data-id=\"3059caf\" data-element_type=\"column\" data-e-type=\"column\">\n\t\t\t<div class=\"elementor-widget-wrap elementor-element-populated\">\n\t\t\t\t\t\t<div class=\"elementor-element elementor-element-c56c290 elementor-widget elementor-widget-image\" data-id=\"c56c290\" data-element_type=\"widget\" data-e-type=\"widget\" data-widget_type=\"image.default\">\n\t\t\t\t<div class=\"elementor-widget-container\">\n\t\t\t\t\t\t\t\t\t\t\t\t\t\t\t<img fetchpriority=\"high\" decoding=\"async\" width=\"1920\" height=\"600\" src=\"https:\/\/www.edufix.fi\/www\/wp-content\/uploads\/2019\/01\/MITTAUS.jpg\" class=\"attachment-full size-full wp-image-1330\" alt=\"\" srcset=\"https:\/\/www.edufix.fi\/www\/wp-content\/uploads\/2019\/01\/MITTAUS.jpg 1920w, https:\/\/www.edufix.fi\/www\/wp-content\/uploads\/2019\/01\/MITTAUS-400x125.jpg 400w, https:\/\/www.edufix.fi\/www\/wp-content\/uploads\/2019\/01\/MITTAUS-300x94.jpg 300w, https:\/\/www.edufix.fi\/www\/wp-content\/uploads\/2019\/01\/MITTAUS-768x240.jpg 768w, https:\/\/www.edufix.fi\/www\/wp-content\/uploads\/2019\/01\/MITTAUS-1024x320.jpg 1024w\" sizes=\"(max-width: 1920px) 100vw, 1920px\" \/>\t\t\t\t\t\t\t\t\t\t\t\t\t\t\t<\/div>\n\t\t\t\t<\/div>\n\t\t\t\t\t<\/div>\n\t\t<\/div>\n\t\t\t\t\t<\/div>\n\t\t<\/section>\n\t\t\t\t<section class=\"elementor-section elementor-top-section elementor-element elementor-element-dec4f79 elementor-section-full_width elementor-section-height-default elementor-section-height-default\" data-id=\"dec4f79\" data-element_type=\"section\" data-e-type=\"section\" data-settings=\"{&quot;_ha_eqh_enable&quot;:false}\">\n\t\t\t\t\t\t<div class=\"elementor-container elementor-column-gap-default\">\n\t\t\t\t\t<div class=\"elementor-column elementor-col-100 elementor-top-column elementor-element elementor-element-4608a78\" data-id=\"4608a78\" data-element_type=\"column\" data-e-type=\"column\">\n\t\t\t<div class=\"elementor-widget-wrap elementor-element-populated\">\n\t\t\t\t\t\t<div class=\"elementor-element elementor-element-1494b96 elementor-widget elementor-widget-heading\" data-id=\"1494b96\" data-element_type=\"widget\" data-e-type=\"widget\" data-widget_type=\"heading.default\">\n\t\t\t\t<div class=\"elementor-widget-container\">\n\t\t\t\t\t<h2 class=\"elementor-heading-title elementor-size-default\">Optodyne lasermittaus<\/h2>\t\t\t\t<\/div>\n\t\t\t\t<\/div>\n\t\t\t\t\t<\/div>\n\t\t<\/div>\n\t\t\t\t\t<\/div>\n\t\t<\/section>\n\t\t\t\t<section class=\"elementor-section elementor-top-section elementor-element elementor-element-ae8bd48 elementor-section-boxed elementor-section-height-default elementor-section-height-default\" data-id=\"ae8bd48\" data-element_type=\"section\" data-e-type=\"section\" data-settings=\"{&quot;background_background&quot;:&quot;classic&quot;,&quot;_ha_eqh_enable&quot;:false}\">\n\t\t\t\t\t\t<div class=\"elementor-container elementor-column-gap-default\">\n\t\t\t\t\t<div class=\"elementor-column elementor-col-50 elementor-top-column elementor-element elementor-element-2566469\" data-id=\"2566469\" data-element_type=\"column\" data-e-type=\"column\">\n\t\t\t<div class=\"elementor-widget-wrap elementor-element-populated\">\n\t\t\t\t\t\t<div class=\"elementor-element elementor-element-a274441 elementor-widget elementor-widget-text-editor\" data-id=\"a274441\" data-element_type=\"widget\" data-e-type=\"widget\" data-widget_type=\"text-editor.default\">\n\t\t\t\t<div class=\"elementor-widget-container\">\n\t\t\t\t\t\t\t\t\t<p>S\u00e4\u00e4nn\u00f6llinen lasermittaus parantaa ty\u00f6st\u00f6koneen tarkkuutta merkitt\u00e4v\u00e4sti. K\u00e4yt\u00f6ss\u00e4mme on Doppler -tekniikkaa k\u00e4ytt\u00e4v\u00e4 Optodyne \u2013laser. Laitteen suorittama lasermittaus kohdistuu koneen akseleiden liikkeiden paikoitustarkkuuden selvitt\u00e4miseen.<\/p><p>Lasermittaus paljastaa ty\u00f6st\u00f6koneen liikkeiden virheet (paikoitustarkkuus) ja saaduilla tuloksilla voidaan liikkeiden tarkkuutta korjata kompensoimalla liikkeit\u00e4 ty\u00f6st\u00f6koneen ohjauksen avulla.<\/p><p>Optodyne-lasermittarilla on mahdollista my\u00f6s mitata avaruudellinen, volymetrinen paikoitus, jolla m\u00e4\u00e4ritell\u00e4\u00e4n koneen kolmiulotteinen tarkkuus.<\/p><p>Lasermittauksen tarkoituksena on parantaa koneen tarkkuutta sek\u00e4 my\u00f6s selvitt\u00e4\u00e4 mahdolliset virheet koneen koko ty\u00f6tilavuudessa, ilman turhia harjoituskappaleita.\u00a0Optodyne lasermittaus mahdollistaa my\u00f6s volymetrisen mittauksen, jossa mitataan koneen kolmiuloitteinen tarkkuus.<\/p>\t\t\t\t\t\t\t\t<\/div>\n\t\t\t\t<\/div>\n\t\t\t\t<div class=\"elementor-element elementor-element-2c51746 elementor-widget elementor-widget-video\" data-id=\"2c51746\" data-element_type=\"widget\" data-e-type=\"widget\" data-settings=\"{&quot;youtube_url&quot;:&quot;https:\\\/\\\/www.youtube.com\\\/watch?v=01Bl7lRvE6w&quot;,&quot;video_type&quot;:&quot;youtube&quot;,&quot;controls&quot;:&quot;yes&quot;}\" data-widget_type=\"video.default\">\n\t\t\t\t<div class=\"elementor-widget-container\">\n\t\t\t\t\t\t\t<div class=\"elementor-wrapper elementor-open-inline\">\n\t\t\t<div class=\"elementor-video\"><\/div>\t\t<\/div>\n\t\t\t\t\t\t<\/div>\n\t\t\t\t<\/div>\n\t\t\t\t\t<\/div>\n\t\t<\/div>\n\t\t\t\t<div class=\"elementor-column elementor-col-50 elementor-top-column elementor-element elementor-element-dc1fb32\" data-id=\"dc1fb32\" data-element_type=\"column\" data-e-type=\"column\" data-settings=\"{&quot;background_background&quot;:&quot;gradient&quot;}\">\n\t\t\t<div class=\"elementor-widget-wrap elementor-element-populated\">\n\t\t\t\t\t\t<div class=\"elementor-element elementor-element-f0f5bf5 elementor-widget elementor-widget-icon-box\" data-id=\"f0f5bf5\" data-element_type=\"widget\" data-e-type=\"widget\" data-widget_type=\"icon-box.default\">\n\t\t\t\t<div class=\"elementor-widget-container\">\n\t\t\t\t\t\t\t<div class=\"elementor-icon-box-wrapper\">\n\n\t\t\t\n\t\t\t\t\t\t<div class=\"elementor-icon-box-content\">\n\n\t\t\t\t\t\t\t\t\t<h3 class=\"elementor-icon-box-title\">\n\t\t\t\t\t\t<span  >\n\t\t\t\t\t\t\tSoita meille\t\t\t\t\t\t<\/span>\n\t\t\t\t\t<\/h3>\n\t\t\t\t\n\t\t\t\t\t\t\t\t\t<p class=\"elementor-icon-box-description\">\n\t\t\t\t\t\t<b>Tekninen tuki ja myynti<\/b>\n<br>Sami Lehvonen\n<a href=\"tel:050 4703260\">050 470 3260<\/a>\n<br><br>\n<b>Varaosat<\/b>\n<br>Joonas Lemmetty\n<a href=\"tel:050 305 5547\">050 305 5547<\/a>\t\t\t\t\t<\/p>\n\t\t\t\t\n\t\t\t<\/div>\n\t\t\t\n\t\t<\/div>\n\t\t\t\t\t\t<\/div>\n\t\t\t\t<\/div>\n\t\t\t\t<div class=\"elementor-element elementor-element-9d05afa elementor-widget elementor-widget-icon-box\" data-id=\"9d05afa\" data-element_type=\"widget\" data-e-type=\"widget\" data-widget_type=\"icon-box.default\">\n\t\t\t\t<div class=\"elementor-widget-container\">\n\t\t\t\t\t\t\t<div class=\"elementor-icon-box-wrapper\">\n\n\t\t\t\n\t\t\t\t\t\t<div class=\"elementor-icon-box-content\">\n\n\t\t\t\t\t\t\t\t\t<h3 class=\"elementor-icon-box-title\">\n\t\t\t\t\t\t<span  >\n\t\t\t\t\t\t\tL\u00e4het\u00e4 s\u00e4hk\u00f6postia\t\t\t\t\t\t<\/span>\n\t\t\t\t\t<\/h3>\n\t\t\t\t\n\t\t\t\t\t\t\t\t\t<p class=\"elementor-icon-box-description\">\n\t\t\t\t\t\tetunimi.sukunimi@edufix.fi\t\t\t\t\t<\/p>\n\t\t\t\t\n\t\t\t<\/div>\n\t\t\t\n\t\t<\/div>\n\t\t\t\t\t\t<\/div>\n\t\t\t\t<\/div>\n\t\t\t\t<div class=\"elementor-element elementor-element-0a53cca elementor-hidden-phone elementor-widget-divider--view-line elementor-widget elementor-widget-divider\" data-id=\"0a53cca\" data-element_type=\"widget\" data-e-type=\"widget\" data-widget_type=\"divider.default\">\n\t\t\t\t<div class=\"elementor-widget-container\">\n\t\t\t\t\t\t\t<div class=\"elementor-divider\">\n\t\t\t<span class=\"elementor-divider-separator\">\n\t\t\t\t\t\t<\/span>\n\t\t<\/div>\n\t\t\t\t\t\t<\/div>\n\t\t\t\t<\/div>\n\t\t\t\t<div class=\"elementor-element elementor-element-5be3005 elementor-hidden-phone elementor-widget elementor-widget-image-box\" data-id=\"5be3005\" data-element_type=\"widget\" data-e-type=\"widget\" data-widget_type=\"image-box.default\">\n\t\t\t\t<div class=\"elementor-widget-container\">\n\t\t\t\t\t<div class=\"elementor-image-box-wrapper\"><div class=\"elementor-image-box-content\"><h2 class=\"elementor-image-box-title\">Meilt\u00e4 my\u00f6s laadukkaat lastuamisnesteet ty\u00f6st\u00f6n optimointiin<\/h2><p class=\"elementor-image-box-description\">Sveitsil\u00e4isen Blaser Swissluben lastuamisnesteet ja -\u00f6ljy Edufixilt\u00e4. Blaserin laajasta ja korkealuokkaisesta valikoimasta lastuamisnesteit\u00e4 ja -\u00f6ljyj\u00e4 l\u00f6ytyy vaihtoehto l\u00e4hes kaikille ty\u00f6st\u00f6menetelmille ja materiaaleille. <\/p><\/div><\/div>\t\t\t\t<\/div>\n\t\t\t\t<\/div>\n\t\t\t\t<div class=\"elementor-element elementor-element-c5f96d7 elementor-hidden-phone elementor-widget elementor-widget-eael-creative-button\" data-id=\"c5f96d7\" data-element_type=\"widget\" data-e-type=\"widget\" data-widget_type=\"eael-creative-button.default\">\n\t\t\t\t<div class=\"elementor-widget-container\">\n\t\t\t\t\t        <div class=\"eael-creative-button-wrapper\">\n\n            <a class=\"eael-creative-button eael-creative-button--default\" href=\"https:\/\/www.edufix.fi\/www\/lastuamisnesteet\/\" data-text=\"Go!\">\n            \t    \n                <div class=\"creative-button-inner\">\n\n                    \n                    <span class=\"cretive-button-text\">lue lis\u00e4\u00e4<\/span>\n\n                                    <\/div>\n\t                        <\/a>\n        <\/div>\n        \t\t\t\t<\/div>\n\t\t\t\t<\/div>\n\t\t\t\t<div class=\"elementor-element elementor-element-4eed33c elementor-hidden-phone elementor-widget-divider--view-line elementor-widget elementor-widget-divider\" data-id=\"4eed33c\" data-element_type=\"widget\" data-e-type=\"widget\" data-widget_type=\"divider.default\">\n\t\t\t\t<div class=\"elementor-widget-container\">\n\t\t\t\t\t\t\t<div class=\"elementor-divider\">\n\t\t\t<span class=\"elementor-divider-separator\">\n\t\t\t\t\t\t<\/span>\n\t\t<\/div>\n\t\t\t\t\t\t<\/div>\n\t\t\t\t<\/div>\n\t\t\t\t<div class=\"elementor-element elementor-element-ab6a49b e-grid-align-left elementor-shape-rounded elementor-grid-0 elementor-widget elementor-widget-social-icons\" data-id=\"ab6a49b\" data-element_type=\"widget\" data-e-type=\"widget\" data-widget_type=\"social-icons.default\">\n\t\t\t\t<div class=\"elementor-widget-container\">\n\t\t\t\t\t\t\t<div class=\"elementor-social-icons-wrapper elementor-grid\" role=\"list\">\n\t\t\t\t\t\t\t<span class=\"elementor-grid-item\" role=\"listitem\">\n\t\t\t\t\t<a class=\"elementor-icon elementor-social-icon elementor-social-icon-instagram elementor-repeater-item-f3d4ada\" href=\"https:\/\/www.instagram.com\/edufixoy\/\" target=\"_blank\">\n\t\t\t\t\t\t<span class=\"elementor-screen-only\">Instagram<\/span>\n\t\t\t\t\t\t<i aria-hidden=\"true\" class=\"fab fa-instagram\"><\/i>\t\t\t\t\t<\/a>\n\t\t\t\t<\/span>\n\t\t\t\t\t\t\t<span class=\"elementor-grid-item\" role=\"listitem\">\n\t\t\t\t\t<a class=\"elementor-icon elementor-social-icon elementor-social-icon-linkedin elementor-repeater-item-5698775\" href=\"https:\/\/fi.linkedin.com\/company\/edufix-oy\" target=\"_blank\">\n\t\t\t\t\t\t<span class=\"elementor-screen-only\">Linkedin<\/span>\n\t\t\t\t\t\t<i aria-hidden=\"true\" class=\"fab fa-linkedin\"><\/i>\t\t\t\t\t<\/a>\n\t\t\t\t<\/span>\n\t\t\t\t\t<\/div>\n\t\t\t\t\t\t<\/div>\n\t\t\t\t<\/div>\n\t\t\t\t\t<\/div>\n\t\t<\/div>\n\t\t\t\t\t<\/div>\n\t\t<\/section>\n\t\t\t\t<\/div>\n\t\t","protected":false},"excerpt":{"rendered":"<p>Optodyne lasermittaus S\u00e4\u00e4nn\u00f6llinen lasermittaus parantaa ty\u00f6st\u00f6koneen tarkkuutta merkitt\u00e4v\u00e4sti. K\u00e4yt\u00f6ss\u00e4mme on Doppler -tekniikkaa k\u00e4ytt\u00e4v\u00e4 Optodyne \u2013laser. Laitteen suorittama lasermittaus kohdistuu koneen akseleiden liikkeiden paikoitustarkkuuden selvitt\u00e4miseen. Lasermittaus paljastaa ty\u00f6st\u00f6koneen liikkeiden virheet (paikoitustarkkuus) ja saaduilla tuloksilla voidaan liikkeiden tarkkuutta korjata kompensoimalla liikkeit\u00e4 ty\u00f6st\u00f6koneen ohjauksen avulla. Optodyne-lasermittarilla on mahdollista my\u00f6s mitata avaruudellinen, volymetrinen paikoitus, jolla m\u00e4\u00e4ritell\u00e4\u00e4n koneen kolmiulotteinen tarkkuus. [&hellip;]<\/p>\n","protected":false},"author":1,"featured_media":0,"parent":0,"menu_order":0,"comment_status":"closed","ping_status":"closed","template":"elementor_header_footer","meta":{"_acf_changed":false,"_monsterinsights_skip_tracking":false,"_monsterinsights_sitenote_active":false,"_monsterinsights_sitenote_note":"","_monsterinsights_sitenote_category":0,"footnotes":""},"categories":[],"tags":[],"class_list":["post-978","page","type-page","status-publish","hentry"],"acf":[],"yoast_head":"<!-- This site is optimized with the Yoast SEO plugin v27.0 - https:\/\/yoast.com\/product\/yoast-seo-wordpress\/ -->\n<title>Optodyne lasermittaus - Edufix<\/title>\n<meta name=\"robots\" content=\"index, follow, max-snippet:-1, max-image-preview:large, max-video-preview:-1\" \/>\n<link rel=\"canonical\" href=\"https:\/\/www.edufix.fi\/www\/fi\/optodyne-lasermittaus\/\" \/>\n<meta property=\"og:locale\" content=\"fi_FI\" \/>\n<meta property=\"og:type\" content=\"article\" \/>\n<meta property=\"og:title\" content=\"Optodyne lasermittaus - Edufix\" \/>\n<meta property=\"og:description\" content=\"Optodyne lasermittaus S\u00e4\u00e4nn\u00f6llinen lasermittaus parantaa ty\u00f6st\u00f6koneen tarkkuutta merkitt\u00e4v\u00e4sti. K\u00e4yt\u00f6ss\u00e4mme on Doppler -tekniikkaa k\u00e4ytt\u00e4v\u00e4 Optodyne \u2013laser. Laitteen suorittama lasermittaus kohdistuu koneen akseleiden liikkeiden paikoitustarkkuuden selvitt\u00e4miseen. Lasermittaus paljastaa ty\u00f6st\u00f6koneen liikkeiden virheet (paikoitustarkkuus) ja saaduilla tuloksilla voidaan liikkeiden tarkkuutta korjata kompensoimalla liikkeit\u00e4 ty\u00f6st\u00f6koneen ohjauksen avulla. Optodyne-lasermittarilla on mahdollista my\u00f6s mitata avaruudellinen, volymetrinen paikoitus, jolla m\u00e4\u00e4ritell\u00e4\u00e4n koneen kolmiulotteinen tarkkuus. [&hellip;]\" \/>\n<meta property=\"og:url\" content=\"https:\/\/www.edufix.fi\/www\/fi\/optodyne-lasermittaus\/\" \/>\n<meta property=\"og:site_name\" content=\"Edufix\" \/>\n<meta property=\"article:modified_time\" content=\"2025-02-19T07:11:28+00:00\" \/>\n<meta property=\"og:image\" content=\"https:\/\/www.edufix.fi\/www\/wp-content\/uploads\/2019\/01\/MITTAUS.jpg\" \/>\n\t<meta property=\"og:image:width\" content=\"1920\" \/>\n\t<meta property=\"og:image:height\" content=\"600\" \/>\n\t<meta property=\"og:image:type\" content=\"image\/jpeg\" \/>\n<meta name=\"twitter:card\" content=\"summary_large_image\" \/>\n<meta name=\"twitter:label1\" content=\"Arvioitu lukuaika\" \/>\n\t<meta name=\"twitter:data1\" content=\"1 minuutti\" \/>\n<script type=\"application\/ld+json\" class=\"yoast-schema-graph\">{\"@context\":\"https:\/\/schema.org\",\"@graph\":[{\"@type\":\"WebPage\",\"@id\":\"https:\/\/www.edufix.fi\/www\/fi\/optodyne-lasermittaus\/\",\"url\":\"https:\/\/www.edufix.fi\/www\/fi\/optodyne-lasermittaus\/\",\"name\":\"Optodyne lasermittaus - Edufix\",\"isPartOf\":{\"@id\":\"https:\/\/www.edufix.fi\/www\/#website\"},\"primaryImageOfPage\":{\"@id\":\"https:\/\/www.edufix.fi\/www\/fi\/optodyne-lasermittaus\/#primaryimage\"},\"image\":{\"@id\":\"https:\/\/www.edufix.fi\/www\/fi\/optodyne-lasermittaus\/#primaryimage\"},\"thumbnailUrl\":\"https:\/\/www.edufix.fi\/www\/wp-content\/uploads\/2019\/01\/MITTAUS.jpg\",\"datePublished\":\"2019-01-21T07:11:01+00:00\",\"dateModified\":\"2025-02-19T07:11:28+00:00\",\"breadcrumb\":{\"@id\":\"https:\/\/www.edufix.fi\/www\/fi\/optodyne-lasermittaus\/#breadcrumb\"},\"inLanguage\":\"fi\",\"potentialAction\":[{\"@type\":\"ReadAction\",\"target\":[\"https:\/\/www.edufix.fi\/www\/fi\/optodyne-lasermittaus\/\"]}]},{\"@type\":\"ImageObject\",\"inLanguage\":\"fi\",\"@id\":\"https:\/\/www.edufix.fi\/www\/fi\/optodyne-lasermittaus\/#primaryimage\",\"url\":\"https:\/\/www.edufix.fi\/www\/wp-content\/uploads\/2019\/01\/MITTAUS.jpg\",\"contentUrl\":\"https:\/\/www.edufix.fi\/www\/wp-content\/uploads\/2019\/01\/MITTAUS.jpg\",\"width\":1920,\"height\":600},{\"@type\":\"BreadcrumbList\",\"@id\":\"https:\/\/www.edufix.fi\/www\/fi\/optodyne-lasermittaus\/#breadcrumb\",\"itemListElement\":[{\"@type\":\"ListItem\",\"position\":1,\"name\":\"Home\",\"item\":\"https:\/\/www.edufix.fi\/www\/fi\/etusivu\/\"},{\"@type\":\"ListItem\",\"position\":2,\"name\":\"Optodyne lasermittaus\"}]},{\"@type\":\"WebSite\",\"@id\":\"https:\/\/www.edufix.fi\/www\/#website\",\"url\":\"https:\/\/www.edufix.fi\/www\/\",\"name\":\"Edufix\",\"description\":\"Ty\u00f6st\u00f6koneiden varaosat ja huoltopalvelut\",\"publisher\":{\"@id\":\"https:\/\/www.edufix.fi\/www\/#organization\"},\"potentialAction\":[{\"@type\":\"SearchAction\",\"target\":{\"@type\":\"EntryPoint\",\"urlTemplate\":\"https:\/\/www.edufix.fi\/www\/?s={search_term_string}\"},\"query-input\":{\"@type\":\"PropertyValueSpecification\",\"valueRequired\":true,\"valueName\":\"search_term_string\"}}],\"inLanguage\":\"fi\"},{\"@type\":\"Organization\",\"@id\":\"https:\/\/www.edufix.fi\/www\/#organization\",\"name\":\"Edufix\",\"url\":\"https:\/\/www.edufix.fi\/www\/\",\"logo\":{\"@type\":\"ImageObject\",\"inLanguage\":\"fi\",\"@id\":\"https:\/\/www.edufix.fi\/www\/#\/schema\/logo\/image\/\",\"url\":\"https:\/\/www.edufix.fi\/www\/wp-content\/uploads\/2020\/09\/Edufix-logo-1.png\",\"contentUrl\":\"https:\/\/www.edufix.fi\/www\/wp-content\/uploads\/2020\/09\/Edufix-logo-1.png\",\"width\":2126,\"height\":593,\"caption\":\"Edufix\"},\"image\":{\"@id\":\"https:\/\/www.edufix.fi\/www\/#\/schema\/logo\/image\/\"}}]}<\/script>\n<!-- \/ Yoast SEO plugin. -->","yoast_head_json":{"title":"Optodyne lasermittaus - Edufix","robots":{"index":"index","follow":"follow","max-snippet":"max-snippet:-1","max-image-preview":"max-image-preview:large","max-video-preview":"max-video-preview:-1"},"canonical":"https:\/\/www.edufix.fi\/www\/fi\/optodyne-lasermittaus\/","og_locale":"fi_FI","og_type":"article","og_title":"Optodyne lasermittaus - Edufix","og_description":"Optodyne lasermittaus S\u00e4\u00e4nn\u00f6llinen lasermittaus parantaa ty\u00f6st\u00f6koneen tarkkuutta merkitt\u00e4v\u00e4sti. K\u00e4yt\u00f6ss\u00e4mme on Doppler -tekniikkaa k\u00e4ytt\u00e4v\u00e4 Optodyne \u2013laser. Laitteen suorittama lasermittaus kohdistuu koneen akseleiden liikkeiden paikoitustarkkuuden selvitt\u00e4miseen. Lasermittaus paljastaa ty\u00f6st\u00f6koneen liikkeiden virheet (paikoitustarkkuus) ja saaduilla tuloksilla voidaan liikkeiden tarkkuutta korjata kompensoimalla liikkeit\u00e4 ty\u00f6st\u00f6koneen ohjauksen avulla. Optodyne-lasermittarilla on mahdollista my\u00f6s mitata avaruudellinen, volymetrinen paikoitus, jolla m\u00e4\u00e4ritell\u00e4\u00e4n koneen kolmiulotteinen tarkkuus. [&hellip;]","og_url":"https:\/\/www.edufix.fi\/www\/fi\/optodyne-lasermittaus\/","og_site_name":"Edufix","article_modified_time":"2025-02-19T07:11:28+00:00","og_image":[{"width":1920,"height":600,"url":"https:\/\/www.edufix.fi\/www\/wp-content\/uploads\/2019\/01\/MITTAUS.jpg","type":"image\/jpeg"}],"twitter_card":"summary_large_image","twitter_misc":{"Arvioitu lukuaika":"1 minuutti"},"schema":{"@context":"https:\/\/schema.org","@graph":[{"@type":"WebPage","@id":"https:\/\/www.edufix.fi\/www\/fi\/optodyne-lasermittaus\/","url":"https:\/\/www.edufix.fi\/www\/fi\/optodyne-lasermittaus\/","name":"Optodyne lasermittaus - Edufix","isPartOf":{"@id":"https:\/\/www.edufix.fi\/www\/#website"},"primaryImageOfPage":{"@id":"https:\/\/www.edufix.fi\/www\/fi\/optodyne-lasermittaus\/#primaryimage"},"image":{"@id":"https:\/\/www.edufix.fi\/www\/fi\/optodyne-lasermittaus\/#primaryimage"},"thumbnailUrl":"https:\/\/www.edufix.fi\/www\/wp-content\/uploads\/2019\/01\/MITTAUS.jpg","datePublished":"2019-01-21T07:11:01+00:00","dateModified":"2025-02-19T07:11:28+00:00","breadcrumb":{"@id":"https:\/\/www.edufix.fi\/www\/fi\/optodyne-lasermittaus\/#breadcrumb"},"inLanguage":"fi","potentialAction":[{"@type":"ReadAction","target":["https:\/\/www.edufix.fi\/www\/fi\/optodyne-lasermittaus\/"]}]},{"@type":"ImageObject","inLanguage":"fi","@id":"https:\/\/www.edufix.fi\/www\/fi\/optodyne-lasermittaus\/#primaryimage","url":"https:\/\/www.edufix.fi\/www\/wp-content\/uploads\/2019\/01\/MITTAUS.jpg","contentUrl":"https:\/\/www.edufix.fi\/www\/wp-content\/uploads\/2019\/01\/MITTAUS.jpg","width":1920,"height":600},{"@type":"BreadcrumbList","@id":"https:\/\/www.edufix.fi\/www\/fi\/optodyne-lasermittaus\/#breadcrumb","itemListElement":[{"@type":"ListItem","position":1,"name":"Home","item":"https:\/\/www.edufix.fi\/www\/fi\/etusivu\/"},{"@type":"ListItem","position":2,"name":"Optodyne lasermittaus"}]},{"@type":"WebSite","@id":"https:\/\/www.edufix.fi\/www\/#website","url":"https:\/\/www.edufix.fi\/www\/","name":"Edufix","description":"Ty\u00f6st\u00f6koneiden varaosat ja huoltopalvelut","publisher":{"@id":"https:\/\/www.edufix.fi\/www\/#organization"},"potentialAction":[{"@type":"SearchAction","target":{"@type":"EntryPoint","urlTemplate":"https:\/\/www.edufix.fi\/www\/?s={search_term_string}"},"query-input":{"@type":"PropertyValueSpecification","valueRequired":true,"valueName":"search_term_string"}}],"inLanguage":"fi"},{"@type":"Organization","@id":"https:\/\/www.edufix.fi\/www\/#organization","name":"Edufix","url":"https:\/\/www.edufix.fi\/www\/","logo":{"@type":"ImageObject","inLanguage":"fi","@id":"https:\/\/www.edufix.fi\/www\/#\/schema\/logo\/image\/","url":"https:\/\/www.edufix.fi\/www\/wp-content\/uploads\/2020\/09\/Edufix-logo-1.png","contentUrl":"https:\/\/www.edufix.fi\/www\/wp-content\/uploads\/2020\/09\/Edufix-logo-1.png","width":2126,"height":593,"caption":"Edufix"},"image":{"@id":"https:\/\/www.edufix.fi\/www\/#\/schema\/logo\/image\/"}}]}},"_links":{"self":[{"href":"https:\/\/www.edufix.fi\/www\/wp-json\/wp\/v2\/pages\/978","targetHints":{"allow":["GET"]}}],"collection":[{"href":"https:\/\/www.edufix.fi\/www\/wp-json\/wp\/v2\/pages"}],"about":[{"href":"https:\/\/www.edufix.fi\/www\/wp-json\/wp\/v2\/types\/page"}],"author":[{"embeddable":true,"href":"https:\/\/www.edufix.fi\/www\/wp-json\/wp\/v2\/users\/1"}],"replies":[{"embeddable":true,"href":"https:\/\/www.edufix.fi\/www\/wp-json\/wp\/v2\/comments?post=978"}],"version-history":[{"count":9,"href":"https:\/\/www.edufix.fi\/www\/wp-json\/wp\/v2\/pages\/978\/revisions"}],"predecessor-version":[{"id":6452,"href":"https:\/\/www.edufix.fi\/www\/wp-json\/wp\/v2\/pages\/978\/revisions\/6452"}],"wp:attachment":[{"href":"https:\/\/www.edufix.fi\/www\/wp-json\/wp\/v2\/media?parent=978"}],"wp:term":[{"taxonomy":"category","embeddable":true,"href":"https:\/\/www.edufix.fi\/www\/wp-json\/wp\/v2\/categories?post=978"},{"taxonomy":"post_tag","embeddable":true,"href":"https:\/\/www.edufix.fi\/www\/wp-json\/wp\/v2\/tags?post=978"}],"curies":[{"name":"wp","href":"https:\/\/api.w.org\/{rel}","templated":true}]}}